rime factors of 2512466225?
5, 2647, 37967
List the prime factors of 1252116785.
5, 43, 53, 109883
What are the prime factors of 5645353?
7, 67, 12037
List the prime factors of 13364670.
2, 3, 5, 11, 40499
List the prime factors of 9385473.
3, 29, 233, 463
What are the prime factors of 3183840634?
2, 13, 3613, 33893
List the prime factors of 290375892.
2, 3, 293, 27529
List the prime factors of 213121584.
2, 3, 13, 137, 277
List the prime factors of 145577962.
2, 19, 41, 43, 53
What are the prime factors of 46748536?
2, 5843567
List the prime factors of 163217686.
2, 463, 176261
What are the prime factors of 2156833009?
227, 1087, 8741
List the prime factors of 62879479.
13, 89, 54347
List the prime factors of 1112535497.
29, 38363293
List the prime factors of 222926853.
3, 5281, 14071
List the prime factors of 52176334.
2, 7, 3726881
List the prime factors of 94179235.
5, 17, 191, 5801
List the prime factors of 29608149.
3, 2543, 3881
What are the prime factors of 14470709?
11, 1315519
List the prime factors of 981852559.
137, 811, 8837
What are the prime factors of 3860479978?
2, 1930239989
List the prime factors of 298744151.
298744151
List the prime factors of 1048304141.
701, 1153, 1297
List the prime factors of 59541526.
2, 11, 23, 117671
List the prime factors of 3003828826.
2, 19, 79048127
What are the prime factors of 71378596?
2, 3467, 5147
List the prime factors of 62486392.
2, 103, 75833
List the prime factors of 662180435.
5, 7, 43, 71, 6197
List the prime factors of 661563387.
3, 2143, 34301
List the prime factors of 2317178522.
2, 1117, 1037233
What are the prime factors of 1168210508?
2, 137, 2131771
List the prime factors of 13961039.
107, 130477
List the prime factors of 57766143.
3, 79, 223, 1093
What are the prime factors of 1895019357?
3, 7, 11, 67, 11131
What are the prime factors of 81535855?
5, 16307171
List the prime factors of 105708926.
2, 37, 137, 10427
List the prime factors of 151058257.
7, 31, 83, 8387
What are the prime factors of 191297022?
2, 3, 7, 17, 113, 2371
List the prime factors of 1222417447.
1222417447
List the prime factors of 68333766.
2, 3, 19, 599419
List the prime factors of 220266053.
7, 307, 102497
List the prime factors of 1196941489.
1196941489
What are the prime factors of 61483771?
709, 86719
List the prime factors of 452351342.
2, 383, 590537
What are the prime factors of 657193204?
2, 19, 257, 33647
What are the prime factors of 3108267123?
3, 13, 193, 412949
What are the prime factors of 62241143?
151, 412193
What are the prime factors of 45584171?
43, 1060097
What are the prime factors of 56106148?
2, 7, 157, 12763
List the prime factors of 771448531.
7, 881, 125093
What are the prime factors of 2013391227?
3, 23, 29179583
List the prime factors of 281596196.
2, 7, 37, 271811
What are the prime factors of 33881580?
2, 3, 5, 41, 4591
What are the prime factors of 18860935?
5, 37, 269, 379
What are the prime factors of 175068715?
5, 109, 321227
What are the prime factors of 1768237437?
3, 37, 239, 66653
List the prime factors of 534889555.
5, 89, 1201999
What are the prime factors of 32816580?
2, 3, 5, 546943
What are the prime factors of 4958202700?
2, 5, 11, 113, 353
What are the prime factors of 2874021792?
2, 3, 29937727
What are the prime factors of 273677446?
2, 7, 67, 41681
What are the prime factors of 4494486022?
2, 13, 83, 2082709
List the prime factors of 995267375.
5, 7962139
What are the prime factors of 123319407?
3, 41106469
List the prime factors of 941673177.
3, 104630353
List the prime factors of 2266183414.
2, 11, 79, 1303903
What are the prime factors of 411750274?
2, 13, 15836549
List the prime factors of 468241117.
271, 1727827
List the prime factors of 708547474.
2, 354273737
What are the prime factors of 60440802?
2, 3, 10073467
List the prime factors of 81554791.
81554791
List the prime factors of 54743091.
3, 13, 37, 59, 643
What are the prime factors of 20786399?
19, 31, 35291
What are the prime factors of 858726471?
3, 67, 251, 17021
List the prime factors of 2104561916.
2, 23, 1231, 18583
What are the prime factors of 597801323?
7, 1742861
List the prime factors of 228033908.
2, 311, 183307
List the prime factors of 246143897.
246143897
List the prime factors of 675136869.
3, 11, 20458693
What are the prime factors of 74916581?
1451, 51631
List the prime factors of 213514612.
2, 23, 2320811
What are the prime factors of 4466457082?
2, 2233228541
List the prime factors of 1347861715.
5, 37, 7285739
What are the prime factors of 146693444?
2, 1583, 23167
List the prime factors of 346568232.
2, 3, 23, 627841
What are the prime factors of 189677559?
3, 63225853
What are the prime factors of 247443806?
2, 17, 7277759
List the prime factors of 26573378.
2, 13, 1022053
List the prime factors of 4037295359.
4037295359
What are the prime factors of 82382943?
3, 27460981
What are the prime factors of 3718502141?
19, 9787, 19997
What are the prime factors of 24125201?
929, 25969
What are the prime factors of 801441587?
1789, 447983
What are the prime factors of 124059378?
2, 3, 23, 898981
List the prime factors of 6574066196.
2, 19, 86500871
What are the prime factors of 906099859?
7, 1511, 85667
List the prime factors of 6977689031.
263, 379, 70003
List the prime factors of 102120588.
2, 3, 61, 5167
List the prime factors of 4385650866.
2, 3, 1201, 608611
List the prime factors of 31131690.
2, 3, 5, 19, 54617
What are the prime factors of 76599659?
19, 4031561
List the prime factors of 3215020461.
3, 1297, 826271
What are the prime factors of 296888012?
2, 83, 313, 2857
What are the prime factors of 32795803?
32795803
List the prime factors of 30930770.
2, 5, 13, 237929
What are the prime factors of 526207877?
13, 40477529
List the prime factors of 3411888400.
2, 5, 37, 269, 857
List the prime factors of 31610754.
2, 3, 7, 29, 41, 211
What are the prime factors of 93045171?
3, 3821, 8117
List the prime factors of 44768124.
2, 3, 1243559
What are the prime factors of 1234684972?
2, 43, 7178401
What are the prime factors of 279052139?
131, 2130169
What are the prime factors of 2266028378?
2, 1133014189
What are the prime factors of 68813295?
3, 5, 1033, 4441
What are the prime factors of 299498611?
83, 3608417
List the prime factors of 93572311.
7, 97, 19687
List the prime factors of 11625282.
2, 3, 71761
List the prime factors of 340257862.
2, 7, 379, 9161
What are the prime factors of 1652766003?
3, 7, 26234381
List the prime factors of 106901209.
167, 640127
List the prime factors of 26612903.
557, 47779
What are the prime factors of 123892202?
2, 7, 43, 131, 1571
List the prime factors of 112953843.
3, 1367, 9181
What are the prime factors of 30685415?
5, 167, 36749
What are the prime factors of 7531492?
2, 233, 8081
List the prime factors of 615538996.
2, 7879, 19531
What are the prime factors of 3482235613?
17, 151, 1356539
List the prime factors of 299025223.
7, 17, 229, 10973
List the prime factors of 2339859456.
2, 3, 11, 23081
What are the prime factors of 139666188?
2, 3, 19, 397, 1543
What are the prime factors of 46797865?
5, 191, 49003
What are the prime factors of 28172903?
11, 109, 23497
List the prime factors of 4022723624.
2, 19, 26465287
List the prime factors of 35042534.
2, 173, 101279
List the prime factors of 312739655.
5, 853, 73327
List the prime factors of 51603851.
13, 3969527
What are the prime factors of 213854157?
3, 11, 73, 127, 233
List the prime factors of 34018916.
2, 8504729
What are the prime factors of 1902314673?
3, 7, 463, 21739
What are the prime factors of 393099698?
2, 29, 193, 35117
List the prime factors of 7245312908.
2, 1811328227
List the prime factors of 529292985.
3, 5, 13, 41, 239, 277
What are the prime factors of 2174981975?
5, 101, 181, 4759
List the prime factors of 214413589.
13, 16493353
What are the prime factors of 757143134?
2, 11, 1109, 31033
List the prime factors of 493752710.
2, 5, 11, 59, 76079
What are the prime factors of 397474046?
2, 71, 2799113
List the prime factors of 93040411.
2371, 39241
What are the prime factors of 1137117?
3, 379039
What are the prime factors of 37644043?
4391, 8573
What are the prime factors of 624639215?
5, 109, 233, 4919
List the prime factors of 4220801.
13, 59, 5503
What 